the remainder when 4128 is divided by 996?
144
Calculate the remainder when 2318 is divided by 464.
462
Calculate the remainder when 9651 is divided by 1681.
1246
What is the remainder when 15688 is divided by 482?
264
Calculate the remainder when 12346 is divided by 583.
103
Calculate the remainder when 10873 is divided by 157.
40
Calculate the remainder when 5501416 is divided by 77.
74
What is the remainder when 7182 is divided by 155?
52
What is the remainder when 6518 is divided by 204?
194
Calculate the remainder when 6452 is divided by 291.
50
What is the remainder when 243355 is divided by 96?
91
Calculate the remainder when 19851 is divided by 323.
148
Calculate the remainder when 109901 is divided by 2198.
1
Calculate the remainder when 4438 is divided by 886.
8
Calculate the remainder when 11354 is divided by 22.
2
What is the remainder when 15219 is divided by 31?
29
What is the remainder when 1395 is divided by 412?
159
Calculate the remainder when 91 is divided by 12.
7
What is the remainder when 2504 is divided by 626?
0
Calculate the remainder when 3461 is divided by 3347.
114
What is the remainder when 81975 is divided by 343?
341
What is the remainder when 7975 is divided by 1321?
49
What is the remainder when 15216 is divided by 475?
16
What is the remainder when 30177 is divided by 1769?
104
What is the remainder when 30711 is divided by 79?
59
What is the remainder when 9710 is divided by 5?
0
What is the remainder when 82973 is divided by 80?
13
Calculate the remainder when 210111 is divided by 14.
13
What is the remainder when 16772 is divided by 316?
24
What is the remainder when 2594 is divided by 579?
278
What is the remainder when 2523 is divided by 57?
15
What is the remainder when 1783 is divided by 31?
16
Calculate the remainder when 8258 is divided by 51.
47
What is the remainder when 2030046 is divided by 22?
18
Calculate the remainder when 38776 is divided by 75.
1
What is the remainder when 13635 is divided by 906?
45
What is the remainder when 1438589 is divided by 35?
19
What is the remainder when 308465 is divided by 958?
947
Calculate the remainder when 12302 is divided by 4087.
41
Calculate the remainder when 14416 is divided by 2056.
24
What is the remainder when 77903 is divided by 44?
23
What is the remainder when 6035 is divided by 849?
92
What is the remainder when 4165 is divided by 84?
49
Calculate the remainder when 7858 is divided by 25.
8
What is the remainder when 32278 is divided by 83?
74
Calculate the remainder when 151927 is divided by 7996.
3
Calculate the remainder when 957 is divided by 118.
13
Calculate the remainder when 215914 is divided by 199.
198
Calculate the remainder when 117957 is divided by 92.
13
Calculate the remainder when 4429 is divided by 94.
11
What is the remainder when 60474 is divided by 5?
4
Calculate the remainder when 406504 is divided by 81290.
54
What is the remainder when 71028 is divided by 8867?
92
Calculate the remainder when 146368 is divided by 17.
15
What is the remainder when 96962 is divided by 337?
243
Calculate the remainder when 324725 is divided by 433.
408
Calculate the remainder when 185223 is divided by 16.
7
Calculate the remainder when 230961 is divided by 99.
93
What is the remainder when 290634 is divided by 96874?
12
What is the remainder when 20774 is divided by 61?
34
Calculate the remainder when 287553 is divided by 148.
137
Calculate the remainder when 91535 is divided by 30450.
185
Calculate the remainder when 11335 is divided by 50.
35
What is the remainder when 4185 is divided by 1939?
307
What is the remainder when 80448 is divided by 226?
218
Calculate the remainder when 23424 is divided by 9.
6
Calculate the remainder when 60298 is divided by 60.
58
Calculate the remainder when 1846 is divided by 144.
118
Calculate the remainder when 65035 is divided by 1912.
27
Calculate the remainder when 6369 is divided by 1794.
987
Calculate the remainder when 8854 is divided by 3752.
1350
What is the remainder when 1271 is divided by 150?
71
What is the remainder when 7019 is divided by 36?
35
Calculate the remainder when 79799 is divided by 38.
37
What is the remainder when 175637 is divided by 87815?
7
What is the remainder when 49734 is divided by 88?
14
Calculate the remainder when 5988 is divided by 496.
36
What is the remainder when 18606 is divided by 4572?
318
What is the remainder when 12962 is divided by 114?
80
Calculate the remainder when 122925 is divided by 394.
391
Calculate the remainder when 99550 is divided by 32.
30
Calculate the remainder when 13668 is divided by 213.
36
Calculate the remainder when 7808 is divided by 1942.
40
Calculate the remainder when 4819 is divided by 376.
307
What is the remainder when 5812 is divided by 5709?
103
What is the remainder when 47746 is divided by 188?
182
What is the remainder when 52117 is divided by 5210?
17
What is the remainder when 11472 is divided by 1048?
992
What is the remainder when 324082 is divided by 24?
10
Calculate the remainder when 515955 is divided by 559.
557
What is the remainder when 1114359 is divided by 1451?
1442
What is the remainder when 8762 is divided by 736?
666
Calculate the remainder when 47313 is divided by 15372.
1197
What is the remainder when 4448 is divided by 362?
104
Calculate the remainder when 5009 is divided by 792.
257
Calculate the remainder when 27024 is divided by 27020.
4
Calculate the remainder when 718618 is divided by 44913.
10
Calculate the remainder when 168563 is divided by 98.
3
Calculate the remainder when 415485 is divided by 96.
93
Calculate the remainder when 24738 is divided by 143.
142
What is the remainder when 14303 is divided by 311?
308
What is the remainder when 16350 is divided by 5420?
90
What is the remainder when 3054 is divided by 92?
18
What is the remainder when 59583 is divided by 5?
3
What is the remainder when 24410 is divided by 103?
102
Calculate the remainder when 4494 is divided by 31.
30
What is the remainder when 1013108 is divided by 353?
351
Calculate the remainder when 3787 is divided by 1798.
191
Calculate the remainder when 105402 is divided by 21073.
37
Calculate the remainder when 12093 is divided by 28.
25
Calculate the remainder when 2619444 is divided by 712.
708
What is the remainder when 2655 is divided by 2652?
3
What is the remainder when 27143 is divided by 9039?
26
Calculate the remainder when 337158 is divided by 10.
8
What is the remainder when 114117 is divided by 741?
3
What is the remainder when 3517 is divided by 69?
67
What is the remainder when 31599 is divided by 31556?
43
Calculate the remainder when 12153944 is divided by 111.
110
What is the remainder when 66670 is divided by 422?
416
What is the remainder when 3903 is divided by 154?
53
What is the remainder when 4909978 is divided by 236?
234
What is the remainder when 208863 is divided by 4?
3
Calculate the remainder when 19470 is divided by 71.
16
Calculate the remainder when 2177873 is divided by 665.
663
What is the remainder when 14358 is divided by 293?
1
Calculate the remainder when 825 is divided by 26.
19
Calculate the remainder when 2974136 is divided by 6.
2
Calculate the remainder when 61289 is divided by 205.
199
Calculate the remainder when 256185 is divided by 29.
28
What is the remainder when 22244 is divided by 693?
68
Calculate the remainder when 73304 is divided by 81.
80
Calculate the remainder when 994 is divided by 271.
181
What is the remainder when 10513 is divided by 10?
3
What is the remainder when 269321 is divided by 55?
41
What is the remainder when 1871 is divided by 615?
26
What is the remainder when 2038 is divided by 619?
181
What is the remainder when 394 is divided by 279?
115
What is the remainder when 2532503 is divided by 69?
65
Calculate the remainder when 76282 is divided by 4767.
10
Calculate the remainder when 794813 is divided by 22.
19
What is the remainder when 2665 is divided by 243?
235
What is the remainder when 272045 is divided by 49?
46
What is the remainder when 4247 is divided by 271?
182
What is the remainder when 136430 is divided by 359?
10
What is the remainder when 12207 is divided by 109?
108
What is the remainder when 116749 is divided by 14593?
5
What is the remai